 - k. What is the units digit of r?
1
Suppose -75 = -3*h + 5*l, -3*h + l - 5*l + 102 = 0. Let m = h + -21. What is the units digit of m?
9
Suppose -3*f + 2*t + 8 = 0, -3*f - 11 = 3*t - 29. Let q(s) = -s - 1. Let l be q(f). What is the units digit of (-6 - -4)/(1/l)?
0
Let y = 3 - -10. Suppose -17 = -5*s + y. Suppose 6*l = l - 4*b + 58, -l + 2*b = -s. What is the tens digit of l?
1
Let j = -1 - -3. Let s(o) = -4*o + 5*o**2 - 2*o**2 - 2 + 4. What is the units digit of s(j)?
6
Let r(h) = 12 + h + h**3 - 8*h**2 + 8*h + h**3 - 3*h**3. What is the units digit of r(-9)?
2
Let q be (-2)/4 - 87/(-6). Suppose q - 69 = -5*r. What is the tens digit of r?
1
Let x = -20 - -176. What is the units digit of x?
6
Let r = -5 - -14. What is the units digit of r?
9
Let x(y) = 2*y**2 + 3*y - 6. What is the tens digit of x(-5)?
2
Suppose 820 = -0*f + 4*f - 4*y, -f - y + 209 = 0. What is the units digit of f?
7
Let c be (-2)/(-10) + (-280)/25. Let b = c + 23. What is the units digit of b?
2
Suppose -4 = -6*q + 8. Suppose -q*r = r - 96. What is the units digit of r?
2
Suppose -l = 2*l - 111. What is the tens digit of l?
3
Let w be 0/3 - 0 - 0. Suppose w = -2*g + 50 + 4. What is the units digit of g?
7
What is the hundreds digit of (-4230)/(-20) - ((-2)/(-4) + -1)?
2
What is the tens digit of (-21 - 3)/(-3) - -2?
1
Suppose 5*q = 5*w - 95, 0 = -3*q + 9 - 0. What is the units digit of w?
2
Let l be -1 - 0 - 4/(-4). Suppose 0*q - 3*y = q - 8, l = -4*y + 8. What is the units digit of q?
2
Suppose -60 = -4*k - 5*v, -5*v + 1 + 19 = 0. What is the tens digit of k?
1
Let p = -106 + 155. What is the tens digit of p?
4
Let x(t) = -t**2 - 5*t - 2. Let d be x(-3). Suppose 3*l = 2*s + 38, -2*l + d*s + 16 = -20. What is the units digit of l?
0
Let i(b) = b**2 - b**2 - b**2 + 6 + 5*b. Let d be i(5). What is the units digit of 1*d*(-3)/(-6)?
3
Suppose -4*i + 7 = -117. Let g(l) = -19*l**3 + l - 1. Let w be g(1). Let r = i + w. What is the units digit of r?
2
Let s be -5*(-1 + 1 + -1). Suppose s*f - 2*r = 20 - 0, 5*f - 3*r = 25. What is the units digit of (f + -5 - -1) + 19?
7
Let n = -158 + 336. What is the tens digit of n?
7
Suppose -5*m + 395 = 4*v - 303, -4*m - 5*v = -562. What is the units digit of m?
8
Let l(x) = 5*x - 4. Let t be l(10). Let d = 74 - t. What is the units digit of d?
8
What is the units digit of -2 + 18*(-10)/(-15)?
0
Let j be (-5)/(15/(-9)) + -2. What is the units digit of j/((-4)/(-140) - 0)?
5
Suppose 0 = 42*v - 39*v - 432. What is the tens digit of v?
4
Suppose 8 + 0 = 4*b. What is the units digit of (-48)/(-18)*15/b?
0
Let y(k) = 5*k + 8. Let f be y(-7). Let h(d) = -41*d. Let m be h(1). Let i = f - m. What is the units digit of i?
4
Let y = 54 - -146. What is the tens digit of y?
0
Let n(w) = 4*w**2 - 2*w - 2. Let y be n(2). Suppose -5*z = -y*z + 40. What is the units digit of z?
8
Let g be (-78)/(-21) + (-2)/(-7). Suppose 11 = 3*p - 2*f, 0 = g*f - 1 + 17. What is the units digit of p?
1
Let g be (-1)/(-3) - (-10)/15. Suppose 2*s = 1 + g. Let o = s - -11. What is the units digit of o?
2
What is the units digit of 2*1/((-1)/((-309)/6))?
3
Let s(b) be the third derivative of 7*b**4/24 + 3*b**2. Let h be s(2). Suppose -4*t + h = -6. What is the units digit of t?
5
Suppose 4*k - 3 - 5 = 0. Suppose -r - 4*f - 30 = -k*r, -4*r + 52 = f. What is the units digit of r?
4
Let l(u) = -3*u**2 + 6*u - 1. Let x(h) = -h. Let j(k) = -l(k) - 5*x(k). Let n(b) be the first derivative of j(b). What is the units digit of n(2)?
1
Let c(o) = o**2 - o - 35. What is the tens digit of c(-15)?
0
Suppose -n = -3*n + y + 5, -5*n + 4*y = -20. Let k be 1/(n + (2 - 1)). Let c = k + 3. What is the units digit of c?
4
Suppose 0 = -n - 3*d - d + 308, -1148 = -4*n + 5*d. What is the units digit of n?
2
Suppose 2*h - 17 = h. Let a = 38 - h. Suppose -2*p - 3*p + w + a = 0, p = -w + 9. What is the units digit of p?
5
Let j = -4 + 7. Suppose 0 = j*q + 2*f - 25, -q - 5*f - 18 = -5*q. What is the units digit of q?
7
Let g = 47 - 3. What is the units digit of g?
4
Let u(i) be the second derivative of -i**4/24 + 4*i**3/3 + i**2 + 2*i. Let h(d) be the first derivative of u(d). What is the units digit of h(6)?
2
Suppose 59 = -2*u + 3*u. Suppose 36 = 5*k - u. What is the tens digit of k?
1
Let k = -17 - -9. Let l(t) be the second derivative of -t**5/20 - 2*t**4/3 - t**3/6 - 2*t**2 + 6*t. What is the units digit of l(k)?
4
Let a(u) = u + 1. Let q be a(6). Suppose -q*m = -3*m. Let o(x) = x**2 - x + 6. What is the units digit of o(m)?
6
Suppose 3*t = l + 13, 5*t + 8 = -5*l + 23. Let c(b) = -b**2 + b + 1. Let m(o) = o**2 + 5*o + 7. Let r(i) = l*m(i) - 2*c(i). What is the units digit of r(9)?
9
Let b(d) = -2*d**3 - 4*d**2 - d - 1. What is the tens digit of b(-4)?
6
What is the tens digit of (132*4)/3 - (10 + -6)?
7
Let q = 9 + -15. Let r be ((-20)/(-12))/((-2)/q). Suppose r = 5*n - 40. What is the units digit of n?
9
What is the tens digit of (-68)/1*50/(-40)?
8
Let b(f) = f**2 - 10*f + 13. What is the tens digit of b(13)?
5
Let f(p) = -p**2 - 6*p - 4. Let c be f(-4). Suppose c*q = 3*q + 8. What is the units digit of q?
8
Let h = 448 + -298. What is the hundreds digit of h?
1
Suppose -3*m - m = -8. Let p(t) = 4*t + 2. Let v be p(m). What is the units digit of (4/10)/(1/v)?
4
Suppose 11 = m - 5*z - 1, -3*m = -2*z - 36. Suppose -3*f + 3 = -m. What is the units digit of f?
5
Let h be (1 - 0)/(5/20). Suppose 3*x - 5*s - 40 = 0, -h*x + s = -s - 30. What is the units digit of x?
5
Suppose 2*d + 9 - 27 = 0. Let f = d + 7. What is the units digit of f?
6
Suppose 4*f = 8*f + 20, 5*d + 5*f - 1400 = 0. What is the units digit of d?
5
Let o(x) = x**3 + 3*x**2 - 4*x + 2. Let s be o(-4). Suppose s*m + 85 = -3*m. Let a = -10 - m. What is the units digit of a?
7
Let f(p) = -9*p + 12. Let d(i) = i - 1. Let l(k) = -6*d(k) - f(k). What is the units digit of l(5)?
9
Let g(x) = 16*x**2. Let q = -3 + 2. What is the tens digit of g(q)?
1
Suppose 5 = -5*u + 3*i - 0*i, 5*i - 27 = -u. Let v = 6 + u. What is the units digit of v?
8
Suppose 0*f + 24 = 4*f. Let v(j) = -4 - f*j + 2*j + 3*j. What is the units digit of v(-5)?
1
Suppose -2*p = p - 5*g + 7, -p - g + 3 = 0. What is the units digit of p?
1
Suppose 4 + 6 = -g. What is the units digit of ((-15)/g)/((-2)/(-4))?
3
Let d be ((-12)/18)/((-2)/6). Suppose 0*v + 3 = d*y - v, -24 = -3*y - 5*v. Suppose 15 = 4*a + z, 5*a + 5*z - y*z = 18. What is the units digit of a?
4
Suppose -3*h + 0 = -6. Let w be 2 + (-5)/(-1) - h. Suppose -w*s + 3*s + 8 = 0. What is the units digit of s?
4
What is the tens digit of (-9)/3 + 38 - (1 - 4)?
3
What is the hundreds digit of 3*(49 + -2) + (0 - -4)?
1
Suppose 2*g + 3*y = 11, 2*y = -5*g - 0*g. Let d(p) = p**3 - 5*p**2 + 2*p - 5. Let h be d(5). Let u = h + g. What is the units digit of u?
3
Let u(f) = -3*f - 8. Let g = 4 + 17. Let c = 15 - g. What is the units digit of u(c)?
0
Let m(i) = -i**3 - 4*i**2 + 3. Let s be m(-4). Let x(r) = r**3 - 3*r**2 + 2*r - 2. What is the units digit of x(s)?
4
Let f = -50 - 54. What is the tens digit of (-1 + -1)/(16/f)?
1
Let l = -35 - -77. What is the units digit of l?
2
Let d = 17 - 14. Suppose 2*q + 111 = 5*m, d*m - 49 - 5 = -3*q. What is the units digit of m?
1
Suppose -4*q = -1 - 3. Let v(n) = n**2 + 3*n. Let g be v(-3). Let a = q + g. What is the units digit of a?
1
Suppose 3*l + 2*l = 20. Let i(v) = -v**2 + 5*v - 3. What is the units digit of i(l)?
1
Let p(z) = 37*z - 56. What is the hundreds digit of p(6)?
1
Suppose u + 0 = 24. What is the units digit of u?
4
Let c = -39 - -18. Let q = -6 - c. What is the tens digit of q?
1
Let a(i) = -i**2 + 10*i - 1. Let o be a(9). Let c(k) = -3*k**3 + o*k**3 + 5 - k**3 - 4*k**2 - 5*k**3. What is the units digit of c(-4)?
5
Let w(u) = -9*u + 6. Let t be w(5). What is the tens digit of 2*2*t/(-12)?
1
Let k(a) = a**3 - 2*a**2 + a - 3. Let y = 3 - 0. What is the units digit of k(y)?
9
Let k(t) = 6*t**2 + t - 1. What is the units digit of k(1)?
6
Let o(n) = 16*n**2 + 3*n + 3. What is the hundreds digit of o(-4)?
2
Suppose -2*d = 5*h - d, 3*h + d = 0. Suppose -4*n + 46 - 10 = h. Let r = 14 - n. What is the units digit of r?
5
Suppose -2*s + 4*s = 4. Suppose s*i + 3 = 3*i. What is the units digit of i?
3
Suppose 5*h + 0*h - 16 = -2*w, 4*w - 8 = 2*h. Suppose 4*f = w*f - 2. What is the un